r when 76 is divided by 36?
4
Calculate the remainder when 277 is divided by 20.
17
Calculate the remainder when 540 is divided by 244.
52
Calculate the remainder when 139 is divided by 48.
43
Calculate the remainder when 3703 is divided by 73.
53
Calculate the remainder when 1946 is divided by 963.
20
Calculate the remainder when 100 is divided by 46.
8
Calculate the remainder when 665 is divided by 66.
5
What is the remainder when 155 is divided by 33?
23
What is the remainder when 710 is divided by 82?
54
Calculate the remainder when 683 is divided by 12.
11
Calculate the remainder when 4656 is divided by 4.
0
Calculate the remainder when 736 is divided by 57.
52
Calculate the remainder when 166 is divided by 125.
41
Calculate the remainder when 1583 is divided by 72.
71
Calculate the remainder when 461 is divided by 248.
213
What is the remainder when 327 is divided by 101?
24
What is the remainder when 27 is divided by 19?
8
What is the remainder when 579 is divided by 12?
3
Calculate the remainder when 866 is divided by 28.
26
Calculate the remainder when 870 is divided by 106.
22
Calculate the remainder when 426 is divided by 13.
10
Calculate the remainder when 5198 is divided by 18.
14
What is the remainder when 419 is divided by 149?
121
Calculate the remainder when 191 is divided by 6.
5
What is the remainder when 647 is divided by 178?
113
Calculate the remainder when 1925 is divided by 21.
14
Calculate the remainder when 65 is divided by 6.
5
What is the remainder when 642 is divided by 92?
90
What is the remainder when 1133 is divided by 377?
2
Calculate the remainder when 21785 is divided by 269.
265
Calculate the remainder when 78 is divided by 16.
14
Calculate the remainder when 168 is divided by 42.
0
What is the remainder when 2512 is divided by 68?
64
Calculate the remainder when 57 is divided by 22.
13
What is the remainder when 173 is divided by 71?
31
Calculate the remainder when 8215 is divided by 60.
55
Calculate the remainder when 69 is divided by 68.
1
Calculate the remainder when 42 is divided by 18.
6
What is the remainder when 450 is divided by 65?
60
Calculate the remainder when 497 is divided by 160.
17
Calculate the remainder when 448 is divided by 446.
2
Calculate the remainder when 508 is divided by 47.
38
What is the remainder when 6954 is divided by 47?
45
What is the remainder when 705 is divided by 333?
39
What is the remainder when 275 is divided by 93?
89
Calculate the remainder when 1126 is divided by 281.
2
What is the remainder when 67 is divided by 18?
13
What is the remainder when 886 is divided by 3?
1
Calculate the remainder when 190 is divided by 38.
0
Calculate the remainder when 1256 is divided by 125.
6
Calculate the remainder when 1112 is divided by 189.
167
What is the remainder when 24822 is divided by 232?
230
What is the remainder when 304 is divided by 45?
34
What is the remainder when 3913 is divided by 1300?
13
Calculate the remainder when 1804 is divided by 880.
44
Calculate the remainder when 2263 is divided by 8.
7
Calculate the remainder when 3207 is divided by 10.
7
What is the remainder when 827 is divided by 9?
8
What is the remainder when 1861 is divided by 37?
11
Calculate the remainder when 2742 is divided by 14.
12
What is the remainder when 1438 is divided by 455?
73
Calculate the remainder when 217 is divided by 55.
52
What is the remainder when 250 is divided by 15?
10
Calculate the remainder when 618 is divided by 19.
10
Calculate the remainder when 248 is divided by 28.
24
Calculate the remainder when 350 is divided by 31.
9
What is the remainder when 1645 is divided by 159?
55
Calculate the remainder when 242 is divided by 19.
14
What is the remainder when 118 is divided by 6?
4
What is the remainder when 496 is divided by 83?
81
Calculate the remainder when 6628 is divided by 1654.
12
What is the remainder when 8501 is divided by 230?
221
Calculate the remainder when 114 is divided by 35.
9
Calculate the remainder when 556 is divided by 70.
66
What is the remainder when 19274 is divided by 257?
256
Calculate the remainder when 908 is divided by 288.
44
What is the remainder when 374 is divided by 29?
26
Calculate the remainder when 488 is divided by 13.
7
Calculate the remainder when 875 is divided by 12.
11
What is the remainder when 879 is divided by 12?
3
What is the remainder when 1213 is divided by 45?
43
Calculate the remainder when 2870 is divided by 24.
14
What is the remainder when 87 is divided by 23?
18
Calculate the remainder when 149 is divided by 85.
64
What is the remainder when 543 is divided by 283?
260
What is the remainder when 111 is divided by 63?
48
Calculate the remainder when 1004 is divided by 83.
8
What is the remainder when 172 is divided by 11?
7
What is the remainder when 2124 is divided by 1054?
16
Calculate the remainder when 870 is divided by 25.
20
Calculate the remainder when 19 is divided by 5.
4
Calculate the remainder when 455 is divided by 27.
23
What is the remainder when 139 is divided by 18?
13
Calculate the remainder when 15296 is divided by 170.
166
Calculate the remainder when 4028 is divided by 288.
284
Calculate the remainder when 349 is divided by 245.
104
What is the remainder when 1914 is divided by 129?
108
Calculate the remainder when 79 is divided by 26.
1
Calculate the remainder when 2859 is divided by 22.
21
Calculate the remainder when 231 is divided by 113.
5
What is the remainder when 864 is divided by 109?
101
Calculate the remainder when 2905 is divided by 16.
9
What is the remainder when 813 is divided by 260?
33
Calculate the remainder when 32 is divided by 10.
2
What is the remainder when 137 is divided by 13?
7
Calculate the remainder when 156 is divided by 16.
12
What is the remainder when 864 is divided by 8?
0
Calculate the remainder when 1718 is divided by 102.
86
What is the remainder when 367 is divided by 69?
22
Calculate the remainder when 1239 is divided by 73.
71
Calculate the remainder when 169 is divided by 19.
17
What is the remainder when 382 is divided by 56?
46
Calculate the remainder when 269 is divided by 190.
79
What is the remainder when 586 is divided by 42?
40
What is the remainder when 100 is divided by 46?
8
What is the remainder when 73 is divided by 10?
3
Calculate the remainder when 304 is divided by 77.
73
What is the remainder when 8412 is divided by 51?
48
Calculate the remainder when 853 is divided by 15.
13
What is the remainder when 5342 is divided by 1768?
38
What is the remainder when 100 is divided by 18?
10
What is the remainder when 191 is divided by 115?
76
What is the remainder when 1284 is divided by 39?
36
What is the remainder when 36 is divided by 11?
3
What is the remainder when 35902 is divided by 32?
30
What is the remainder when 270 is divided by 14?
4
Calculate the remainder when 219 is divided by 11.
10
What is the remainder when 694 is divided by 58?
56
What is the remainder when 6578 is divided by 1315?
3
What is the remainder when 272 is divided by 93?
86
What is the remainder when 284 is divided by 72?
68
What is the remainder when 398 is divided by 19?
18
What is the remainder when 493 is divided by 217?
59
What is the remainder when 237 is divided by 120?
117
What is the remainder when 128 is divided by 31?
4
What is the remainder when 26864 is divided by 101?
99
Calculate the remainder when 593 is divided by 98.
5
What is the remainder when 122 is divided by 62?
60
Calculate the remainder when 123 is divided by 32.
27
Calculate the remainder when 858 is divided by 109.
95
Calculate the remainder when 20 is divided by 5.
0
What is the remainder when 523 is divided by 25?
23
What is the remainder when 439 is divided by 142?
13
Calculate the remainder when 17923 is divided by 75.
73
Calculate the remainder when 1639 is divided by 15.
4
What is the remainder when 516 is divided by 84?
12
Calculate the remainder when 5848 is divided by 150.
148
What is the remainder when 503 is divided by 66?
41
Calculate the remainder when 378 is divided by 64.
58
Calculate the remainder when 125 is divided by 42.
41
What is the remainder when 288 is divided by 76?
60
What is the remainder when 48 is divided by 32?
16
Calculate the remainder when 50 is divided by 12